 {"id":2,"date":"2021-06-10T13:44:16","date_gmt":"2021-06-10T11:44:16","guid":{"rendered":"https:\/\/www-2020.eurasia.uniroma2.it\/?page_id=2"},"modified":"2024-05-15T16:19:17","modified_gmt":"2024-05-15T14:19:17","slug":"pagina-di-esempio","status":"publish","type":"page","link":"https:\/\/www-2020.eurasia.uniroma2.it\/?page_id=2","title":{"rendered":"Il Centro di Studi eurasiatici"},"content":{"rendered":"\n<p>Il 10 gennaio 2019, presso l\u2019Universit\u00e0 degli Studi di Roma \u201cTor Vergata\u201d, \u00e8 stato costituito il Centro di Studi Eurasiatici (CSEA). L\u2019istituzione del&nbsp; CSEA ha consentito di realizzare un centro con la finalit\u00e0 di polarizzare, ponendole in sinergia, le numerose ed interdisciplinari attivit\u00e0 scientifiche, di ricerca e di formazione gi\u00e0 presenti nell\u2019Universit\u00e0 degli Studi di Roma \u2018Tor Vergata\u2019 nell\u2019\u00e0mbito dei rapporti con la Cina, con la Russia e pi\u00f9 ampiamente con l\u2019Eurasia in tema di Via della Seta. La promozione della ricerca e della formazione di eccellenza, a carattere nazionale e internazionale, nel settore degli studi eurasiatici in prospettiva interdisciplinare, si \u00e8 dotata di uno strumento capace di raccogliere e valorizzare la pluridecennale esperienza che l\u2019Universit\u00e0 di Roma \u201cTor Vergata\u201d ha maturato nei settori giuridici, economici, umanistici e scientifici, ma soprattutto che possa raccogliere le nuove sfide del rapporto tra Europa ed Asia, valorizzando il concetto storico, politico, giuridico ed economico dell\u2019Eurasia.<\/p>\n\n\n\n<p>&nbsp;&nbsp;&nbsp;&nbsp;&nbsp;&nbsp;&nbsp;&nbsp;&nbsp;&nbsp;&nbsp; Per il perseguimento delle proprie finalit\u00e0 il Centro provvede, tra l\u2019altro:<\/p>\n\n\n\n<ol style=\"list-style-type:lower-alpha\">\n<li>a collaborare con gli Istituti italiani di cultura all\u2019estero, con le Ambasciate e con le Istituzioni e le Organizzazioni internazionali per la diffusione degli studi sui rapporti tra Italia, Cina, Russia e pi\u00f9 in generale sull\u2019Eurasia;<\/li>\n\n\n\n<li>a stimolare e realizzare, nell\u2019ambito delle attivit\u00e0 riferibili al Centro, collaborazioni scientifiche con Istituzioni pubbliche e private di paesi europei ed eurasiatici;<\/li>\n\n\n\n<li>a promuovere attivit\u00e0 nel settore della formazione e della ricerca sui temi oggetto delle ricerche presso le Universit\u00e0 italiane e straniere;<\/li>\n\n\n\n<li>a favorire la mobilit\u00e0 di docenti di elevata qualificazione, di studiosi e di studenti, provenienti da paesi europei ed extraeuropei, nell\u2019ambito dei programmi promossi dall\u2019Ateneo.<\/li>\n<\/ol>\n\n\n\n<figure class=\"wp-block-image size-full is-resized\"><img loading=\"lazy\" decoding=\"async\" width=\"300\" height=\"294\" src=\"https:\/\/www-2020.eurasia.uniroma2.it\/wp-content\/uploads\/2024\/05\/Logo-CSEA-1-300x294-3.png\" alt=\"\" class=\"wp-image-133\" style=\"width:140px;height:auto\"\/><\/figure>\n\n\n\n<p>Nel novembre 2019, su proposta del Consiglio Scientifico, il Rettore ha nominato il Presidente del Comitato strategico del Centro il professor Giovanni Tria, e i componenti dello stesso nei professori Tatiana Alexeeva (HSE Moscow), Mario Ciaccia (gi\u00e0 vice Ministro delle Infrastrutture, Anling Fei (CUPL Bejing), Cesare Mirabelli (Emerito dell\u2019Universit\u00e0 di Roma \u201cTor Vergata\u201d; gi\u00e0 Presidente della Corte Costituzionale); Piergiorgio Picozza (INFN; Emerito dell\u2019Universit\u00e0 di Roma \u201cTor Vergata\u201d) e dal 2021 Sangiovanni-Vincentelli (Berkeley).<\/p>\n\n\n\n<p>&nbsp;&nbsp;&nbsp;&nbsp;&nbsp;&nbsp;&nbsp;&nbsp;&nbsp;&nbsp;&nbsp; Il Centro si \u00e8 anche dotato di una Collana di pubblicazioni denominata \u201c<em>Roma e Eurasia. Collana di Studi Eurasiatici<\/em>\u201d, i cui primi volumi sono AA.VV. <em>Chang\u2019an e Roma. Eurasia e Via della Seta Diritto Economia Societ\u00e0,<\/em> p.XXXVI-721, n. 1 Serie Atti, ISBN 978-88-13374464, e T. Alexeeva, <em>Diritto romano attuale e costituzioni: prospettive geopolitiche<\/em>, p. XI-201, n. 1 Serie monografie, ISBN 978-88-13372804, sono stati pubblicati dalla casa editrice Wolters Kluwer \u2013 Cedam nel dicembre 2019. Il primo volume raccoglie gli Atti sia del <em>II Seminario internazionale Chang\u2019an e Roma. Sistema giuridico ed economia per la nuova Via della Seta, <\/em>svoltosi a Xi\u2019an il 2 giugno del 2015, che del <em>III Seminario internazionale Chang\u2019an e Roma. Via della Seta e Eurasia<\/em>, svoltosi presso l\u2019Universit\u00e0 di Roma \u201cTor Vergata\u201d a Villa Mondragone dall\u201911 al 13 settembre 2017. Il secondo volume, punbblicato come n. 1 della Collana Monografie, raccoglie una serie di studi della Prof.ssa Tatiana Alexeeva, che hanno il vantaggio di mostrare al lettore il punto di vista russo sulla sua storia giuridica e sul dialogo tra Oriente ed Occidente.<\/p>\n","protected":false},"excerpt":{"rendered":"<p>Il 10 gennaio 2019, presso l\u2019Universit\u00e0 degli Studi di Roma \u201cTor Vergata\u201d, \u00e8 stato costituito il Centro di Studi Eurasiatici (CSEA). L\u2019istituzione del&nbsp; CSEA ha consentito di realizzare un centro con la finalit\u00e0 di polarizzare, ponendole in sinergia, le numerose<\/p>\n","protected":false},"author":1,"featured_media":0,"parent":0,"menu_order":0,"comment_status":"closed","ping_status":"open","template":"","meta":{"footnotes":""},"_links":{"self":[{"href":"https:\/\/www-2020.eurasia.uniroma2.it\/index.php?rest_route=\/wp\/v2\/pages\/2"}],"collection":[{"href":"https:\/\/www-2020.eurasia.uniroma2.it\/index.php?rest_route=\/wp\/v2\/pages"}],"about":[{"href":"https:\/\/www-2020.eurasia.uniroma2.it\/index.php?rest_route=\/wp\/v2\/types\/page"}],"author":[{"embeddable":true,"href":"https:\/\/www-2020.eurasia.uniroma2.it\/index.php?rest_route=\/wp\/v2\/users\/1"}],"replies":[{"embeddable":true,"href":"https:\/\/www-2020.eurasia.uniroma2.it\/index.php?rest_route=%2Fwp%2Fv2%2Fcomments&post=2"}],"version-history":[{"count":6,"href":"https:\/\/www-2020.eurasia.uniroma2.it\/index.php?rest_route=\/wp\/v2\/pages\/2\/revisions"}],"predecessor-version":[{"id":138,"href":"https:\/\/www-2020.eurasia.uniroma2.it\/index.php?rest_route=\/wp\/v2\/pages\/2\/revisions\/138"}],"wp:attachment":[{"href":"https:\/\/www-2020.eurasia.uniroma2.it\/index.php?rest_route=%2Fwp%2Fv2%2Fmedia&parent=2"}],"curies":[{"name":"wp","href":"https:\/\/api.w.org\/{rel}","templated":true}]}}